{"id":3826,"date":"2023-12-01T15:18:29","date_gmt":"2023-12-01T18:18:29","guid":{"rendered":"https:\/\/parsus.com.br\/?page_id=3826"},"modified":"2025-01-29T15:39:16","modified_gmt":"2025-01-29T18:39:16","slug":"concreto-com-impacto-ambiental-reduzido","status":"publish","type":"page","link":"https:\/\/parsus.com.br\/index.php\/blog\/concreto-com-impacto-ambiental-reduzido\/","title":{"rendered":"Concreto com impacto ambiental reduzido"},"content":{"rendered":"\t\t<div data-elementor-type=\"wp-page\" data-elementor-id=\"3826\" class=\"elementor elementor-3826\">\n\t\t\t\t\t\t<section class=\"elementor-section elementor-top-section elementor-element elementor-element-13c8bc36 elementor-section-boxed elementor-section-height-default elementor-section-height-default\" data-id=\"13c8bc36\" data-element_type=\"section\" data-e-type=\"section\" data-settings=\"{&quot;background_background&quot;:&quot;classic&quot;}\">\n\t\t\t\t\t\t<div class=\"elementor-container elementor-column-gap-no\">\n\t\t\t\t\t<div class=\"elementor-column elementor-col-100 elementor-top-column elementor-element elementor-element-414adf99\" data-id=\"414adf99\" data-element_type=\"column\" data-e-type=\"column\">\n\t\t\t<div class=\"elementor-widget-wrap elementor-element-populated\">\n\t\t\t\t\t\t<div class=\"elementor-element elementor-element-2af49965 elementor-widget elementor-widget-image\" data-id=\"2af49965\" data-element_type=\"widget\" data-e-type=\"widget\" data-widget_type=\"image.default\">\n\t\t\t\t<div class=\"elementor-widget-container\">\n\t\t\t\t\t\t\t\t\t\t\t\t\t\t\t<img fetchpriority=\"high\" decoding=\"async\" width=\"768\" height=\"574\" src=\"https:\/\/parsus.com.br\/wp-content\/uploads\/2023\/12\/clinquer-replacement-1030x770-1-768x574.jpg\" class=\"attachment-medium_large size-medium_large wp-image-3828\" alt=\"\" srcset=\"https:\/\/parsus.com.br\/wp-content\/uploads\/2023\/12\/clinquer-replacement-1030x770-1-768x574.jpg 768w, https:\/\/parsus.com.br\/wp-content\/uploads\/2023\/12\/clinquer-replacement-1030x770-1-300x224.jpg 300w, https:\/\/parsus.com.br\/wp-content\/uploads\/2023\/12\/clinquer-replacement-1030x770-1-1024x766.jpg 1024w, https:\/\/parsus.com.br\/wp-content\/uploads\/2023\/12\/clinquer-replacement-1030x770-1.jpg 1030w\" sizes=\"(max-width: 768px) 100vw, 768px\" \/>\t\t\t\t\t\t\t\t\t\t\t\t\t\t\t<\/div>\n\t\t\t\t<\/div>\n\t\t\t\t<div class=\"elementor-element elementor-element-76dbecd5 elementor-widget elementor-widget-heading\" data-id=\"76dbecd5\" data-element_type=\"widget\" data-e-type=\"widget\" data-widget_type=\"heading.default\">\n\t\t\t\t<div class=\"elementor-widget-container\">\n\t\t\t\t\t<h3 class=\"elementor-heading-title elementor-size-default\">Concreto com impacto ambiental reduzido <\/h3>\t\t\t\t<\/div>\n\t\t\t\t<\/div>\n\t\t\t\t<div class=\"elementor-element elementor-element-1287b598 elementor-widget elementor-widget-text-editor\" data-id=\"1287b598\" data-element_type=\"widget\" data-e-type=\"widget\" data-widget_type=\"text-editor.default\">\n\t\t\t\t<div class=\"elementor-widget-container\">\n\t\t\t\t\t\t\t\t\t<p><span style=\"color: #ffffff;\">10\/03\/2020\u00a0 Artigo escrito por Henrique Mendon\u00e7a<\/span><\/p>\t\t\t\t\t\t\t\t<\/div>\n\t\t\t\t<\/div>\n\t\t\t\t<div class=\"elementor-element elementor-element-e5e2316 elementor-widget elementor-widget-text-editor\" data-id=\"e5e2316\" data-element_type=\"widget\" data-e-type=\"widget\" data-widget_type=\"text-editor.default\">\n\t\t\t\t<div class=\"elementor-widget-container\">\n\t\t\t\t\t\t\t\t\t<p><span style=\"color: #ffffff;\"><span style=\"vertical-align: inherit;\"><span style=\"vertical-align: inherit;\"><span style=\"vertical-align: inherit;\"><span style=\"vertical-align: inherit;\"><span style=\"vertical-align: inherit;\"><span style=\"vertical-align: inherit;\">Remover o carbono das edifica\u00e7\u00f5es, incluindo materiais, \u00e9 um desafio para conter o aquecimento global e as mudan\u00e7as clim\u00e1ticas. Existe um movimento internacional em ascens\u00e3o por parte de arquitetos, engenheiros, projetistas e propriet\u00e1rios de edifica\u00e7\u00f5es com solu\u00e7\u00f5es biol\u00f3gicas.<\/span><\/span><\/span><\/span><\/span><\/span><\/span><\/p><p><span style=\"color: #ffffff;\"><span style=\"vertical-align: inherit;\"><span style=\"vertical-align: inherit;\"><span style=\"vertical-align: inherit;\"><span style=\"vertical-align: inherit;\"><span style=\"vertical-align: inherit;\"><span style=\"vertical-align: inherit;\">A import\u00e2ncia dada pela equipe de projeto de efici\u00eancia energ\u00e9tica \u00e9 cada vez mais compartilhada com os materiais de baixo carbono. Isso significa materiais que possuem baixo impacto incorporado durante o processo de destrui\u00e7\u00e3o e fabrica\u00e7\u00e3o, considerando tamb\u00e9m manuten\u00e7\u00e3o e durabilidade.<\/span><\/span><\/span><\/span><\/span><\/span><\/span><\/p><p><span style=\"color: #ffffff;\"><span style=\"vertical-align: inherit;\"><span style=\"vertical-align: inherit;\"><span style=\"vertical-align: inherit;\"><span style=\"vertical-align: inherit;\"><span style=\"vertical-align: inherit;\"><span style=\"vertical-align: inherit;\">O material que em muitos projetos tem maior relev\u00e2ncia nos impactos \u00e9 concreto. Mais especificamente o cimento, e n\u00e3o os agregados ou a \u00e1gua. A quantidade de cimento no tra\u00e7o do concreto \u00e9 a chave. O processo de produ\u00e7\u00e3o do cimento envolve \u201cassar\u201d ou calc\u00e1rio em fornos com temperatura acima de 1000\u00b0C geralmente abastecidos por combust\u00edveis f\u00f3sseis como carv\u00e3o ou g\u00e1s para produ\u00e7\u00e3o do cl\u00ednquer. Esta etapa corresponde \u00e0 metade das emiss\u00f5es de gases que causam o aquecimento global. A outra metade vem do processo qu\u00edmico de calcina\u00e7\u00e3o da rocha calc\u00e1ria e emiss\u00e3o de CO2 para a atmosfera.<\/span><\/span><\/span><\/span><\/span><\/span><\/span><\/p><p><span style=\"color: #ffffff;\"><span style=\"vertical-align: inherit;\"><span style=\"vertical-align: inherit;\"><span style=\"vertical-align: inherit;\"><span style=\"vertical-align: inherit;\"><span style=\"vertical-align: inherit;\"><span style=\"vertical-align: inherit;\">A redu\u00e7\u00e3o do teor de cl\u00ednquer do cimento e efici\u00eancia de dosagem (kg de cimento \/ m3 de concreto) possuem um grande potencial para redu\u00e7\u00e3o dos impactos relacionados ao concreto. Outra maneira de reduzir o impacto incorporado do concreto \u00e9 simplesmente dar mais tempo para o concreto curar e ele ir\u00e1 atingir a resist\u00eancia necess\u00e1ria.<\/span><\/span><\/span><\/span><\/span><\/span><\/span><\/p><p><span style=\"color: #ffffff;\"><span style=\"vertical-align: inherit;\"><span style=\"vertical-align: inherit;\"><span style=\"vertical-align: inherit;\"><span style=\"vertical-align: inherit;\"><span style=\"vertical-align: inherit;\"><span style=\"vertical-align: inherit;\">Geralmente o tra\u00e7o do concreto \u00e9 definido pr\u00f3ximo \u00e0 fase de constru\u00e7\u00e3o em conjunto entre construtora, projetista estrutural e fornecedor. Pr\u00e1ticas de projeto integradas com alto desempenho ambiental j\u00e1 avaliam especifica\u00e7\u00f5es de concreto durante a fase de concep\u00e7\u00e3o do projeto.<\/span><\/span><\/span><\/span><\/span><\/span><\/span><\/p><p><span style=\"color: #ffffff;\"><span style=\"vertical-align: inherit;\"><span style=\"vertical-align: inherit;\"><span style=\"vertical-align: inherit;\"><span style=\"vertical-align: inherit;\"><span style=\"vertical-align: inherit;\"><span style=\"vertical-align: inherit;\">Uma experi\u00eancia recente foi um projeto que o eTool fez um estudo de impacto dos materiais durante a fase inicial do projeto e especificado como meta a redu\u00e7\u00e3o de impacto do concreto para atendimento \u00e0 certifica\u00e7\u00e3o LEED. A construtora por sua vez, em colabora\u00e7\u00e3o com projetistas estruturais, especialistas em concreto e fornecedores, desenvolveu e testaram um tra\u00e7o de concreto utilizando cimento CPIII com percentual de 50% de escoria de alto forno em substitui\u00e7\u00f5es ao cl\u00ednquer. Esta melhoria foi quantificada utilizando o software eToolLCD e calculada na redu\u00e7\u00e3o estimada em 4.840 toneladas de CO2. Para se ter uma ideia do que este valor representa, ser\u00e3o necess\u00e1rias 24.000 \u00e1rvores para compensar este total de emiss\u00f5es!<\/span><\/span><\/span><\/span><\/span><\/span><\/span><\/p><p><span style=\"color: #ffffff;\"><span style=\"vertical-align: inherit;\"><span style=\"vertical-align: inherit;\"><span style=\"vertical-align: inherit;\"><span style=\"vertical-align: inherit;\"><span style=\"vertical-align: inherit;\"><span style=\"vertical-align: inherit;\">A demanda por um concreto de baixo carbono \u00e9 cada vez maior e a ind\u00fastria est\u00e1 se transformando para atender a essa necessidade urgente. Movimentos como este para reduzir o impacto dos materiais fazem parte de uma transforma\u00e7\u00e3o global que todos n\u00f3s, profissionais do setor da constru\u00e7\u00e3o civil e propriet\u00e1rios de novos empreendimentos, somos respons\u00e1veis. A hora \u00e9 agora!<\/span><\/span><\/span><\/span><\/span><\/span><\/span><\/p><p><span style=\"color: #ffffff;\"><span style=\"vertical-align: inherit;\"><span style=\"vertical-align: inherit;\"><span style=\"vertical-align: inherit;\"><span style=\"vertical-align: inherit;\"><span style=\"vertical-align: inherit;\"><span style=\"vertical-align: inherit;\">Para mais detalhes, veja a <\/span><\/span><\/span><\/span><\/span><\/span><\/span><a href=\"https:\/\/etoolglobal.com\/wp-content\/uploads\/2022\/04\/Revista-Concreto-IBRACON-104-Estruturas-em-detalhes-2.pdf\" target=\"_blank\" rel=\"noopener\"><span style=\"vertical-align: inherit;\"><span style=\"vertical-align: inherit;\"><span style=\"vertical-align: inherit;\"><span style=\"vertical-align: inherit;\"><span style=\"vertical-align: inherit;\"><span style=\"vertical-align: inherit;\">publica\u00e7\u00e3o da revista Concreto IBRACON 104 <\/span><\/span><\/span><\/span><\/span><\/span><\/a><span style=\"color: #ffffff;\"><span style=\"vertical-align: inherit;\"><span style=\"vertical-align: inherit;\"><span style=\"vertical-align: inherit;\"><span style=\"vertical-align: inherit;\"><span style=\"vertical-align: inherit;\"><span style=\"vertical-align: inherit;\">, realizada em colabora\u00e7\u00e3o com a empresa de Consultoria em Engenharia Civil Desek.<\/span><\/span><\/span><\/span><\/span><\/span><\/span><\/p>\t\t\t\t\t\t\t\t<\/div>\n\t\t\t\t<\/div>\n\t\t\t\t<section class=\"elementor-section elementor-inner-section elementor-element elementor-element-212c157a elementor-section-boxed elementor-section-height-default elementor-section-height-default\" data-id=\"212c157a\" data-element_type=\"section\" data-e-type=\"section\">\n\t\t\t\t\t\t<div class=\"elementor-container elementor-column-gap-default\">\n\t\t\t\t\t<div class=\"elementor-column elementor-col-50 elementor-inner-column elementor-element elementor-element-379a3cbb\" data-id=\"379a3cbb\" data-element_type=\"column\" data-e-type=\"column\">\n\t\t\t<div class=\"elementor-widget-wrap\">\n\t\t\t\t\t\t\t<\/div>\n\t\t<\/div>\n\t\t\t\t<div class=\"elementor-column elementor-col-50 elementor-inner-column elementor-element elementor-element-d7380d0\" data-id=\"d7380d0\" data-element_type=\"column\" data-e-type=\"column\">\n\t\t\t<div class=\"elementor-widget-wrap\">\n\t\t\t\t\t\t\t<\/div>\n\t\t<\/div>\n\t\t\t\t\t<\/div>\n\t\t<\/section>\n\t\t\t\t\t<\/div>\n\t\t<\/div>\n\t\t\t\t\t<\/div>\n\t\t<\/section>\n\t\t\t\t<\/div>\n\t\t","protected":false},"excerpt":{"rendered":"<p>Concreto com impacto ambiental reduzido 10\/03\/2020\u00a0 Artigo escrito por Henrique Mendon\u00e7a Remover o carbono das edifica\u00e7\u00f5es, incluindo materiais, \u00e9 um desafio para conter o aquecimento global e as mudan\u00e7as clim\u00e1ticas. Existe um movimento internacional em ascens\u00e3o por parte de arquitetos, engenheiros, projetistas e propriet\u00e1rios de edifica\u00e7\u00f5es com solu\u00e7\u00f5es biol\u00f3gicas. A import\u00e2ncia dada pela equipe de &hellip;<\/p>\n<p class=\"read-more\"> <a class=\"\" href=\"https:\/\/parsus.com.br\/index.php\/blog\/concreto-com-impacto-ambiental-reduzido\/\"> <span class=\"screen-reader-text\">Concreto com impacto ambiental reduzido<\/span> Read More &raquo;<\/a><\/p>\n","protected":false},"author":8,"featured_media":0,"parent":2958,"menu_order":0,"comment_status":"open","ping_status":"closed","template":"","meta":{"_uag_custom_page_level_css":"","site-sidebar-layout":"no-sidebar","site-content-layout":"page-builder","ast-site-content-layout":"full-width-container","site-content-style":"default","site-sidebar-style":"default","ast-global-header-display":"","ast-banner-title-visibility":"","ast-main-header-display":"","ast-hfb-above-header-display":"","ast-hfb-below-header-display":"","ast-hfb-mobile-header-display":"","site-post-title":"disabled","ast-breadcrumbs-content":"","ast-featured-img":"disabled","footer-sml-layout":"","theme-transparent-header-meta":"","adv-header-id-meta":"","stick-header-meta":"","header-above-stick-meta":"","header-main-stick-meta":"","header-below-stick-meta":"","astra-migrate-meta-layouts":"set","footnotes":""},"class_list":["post-3826","page","type-page","status-publish","hentry"],"uagb_featured_image_src":{"full":false,"thumbnail":false,"medium":false,"medium_large":false,"large":false,"1536x1536":false,"2048x2048":false},"uagb_author_info":{"display_name":"Henrique Mendon\u00e7a","author_link":"https:\/\/parsus.com.br\/index.php\/author\/henrique\/"},"uagb_comment_info":0,"uagb_excerpt":"Concreto com impacto ambiental reduzido 10\/03\/2020\u00a0 Artigo escrito por Henrique Mendon\u00e7a Remover o carbono das edifica\u00e7\u00f5es, incluindo materiais, \u00e9 um desafio para conter o aquecimento global e as mudan\u00e7as clim\u00e1ticas. Existe um movimento internacional em ascens\u00e3o por parte de arquitetos, engenheiros, projetistas e propriet\u00e1rios de edifica\u00e7\u00f5es com solu\u00e7\u00f5es biol\u00f3gicas. A import\u00e2ncia dada pela equipe de&hellip;","_links":{"self":[{"href":"https:\/\/parsus.com.br\/index.php\/wp-json\/wp\/v2\/pages\/3826"}],"collection":[{"href":"https:\/\/parsus.com.br\/index.php\/wp-json\/wp\/v2\/pages"}],"about":[{"href":"https:\/\/parsus.com.br\/index.php\/wp-json\/wp\/v2\/types\/page"}],"author":[{"embeddable":true,"href":"https:\/\/parsus.com.br\/index.php\/wp-json\/wp\/v2\/users\/8"}],"replies":[{"embeddable":true,"href":"https:\/\/parsus.com.br\/index.php\/wp-json\/wp\/v2\/comments?post=3826"}],"version-history":[{"count":16,"href":"https:\/\/parsus.com.br\/index.php\/wp-json\/wp\/v2\/pages\/3826\/revisions"}],"predecessor-version":[{"id":6851,"href":"https:\/\/parsus.com.br\/index.php\/wp-json\/wp\/v2\/pages\/3826\/revisions\/6851"}],"up":[{"embeddable":true,"href":"https:\/\/parsus.com.br\/index.php\/wp-json\/wp\/v2\/pages\/2958"}],"wp:attachment":[{"href":"https:\/\/parsus.com.br\/index.php\/wp-json\/wp\/v2\/media?parent=3826"}],"curies":[{"name":"wp","href":"https:\/\/api.w.org\/{rel}","templated":true}]}}